{"id":20,"date":"2017-11-28T15:17:19","date_gmt":"2017-11-28T14:17:19","guid":{"rendered":"http:\/\/demo08.cs-webdesign.dk\/?page_id=20"},"modified":"2021-03-01T16:42:22","modified_gmt":"2021-03-01T15:42:22","slug":"gen_arlo_kam","status":"publish","type":"page","link":"https:\/\/cs-ejendomme.cph-eu.dk\/?page_id=20","title":{"rendered":"Om Os"},"content":{"rendered":"<p>Vi mener at god kommunikation er vigtigt mellem alle parter, men ogs\u00e5 at vi har afstemt vore forventninger til hinanden, n\u00e5r aftalen udarbejdes. For det kan nemlig betyde at vi kan f\u00e5 et langvarigt, godt og konstruktivt samarbejde.<\/p>\n<p>Vi har i mange \u00e5r udf\u00f8rt tilfredsstillende ejendomsservice arbejde hos mange af vores sm\u00e5 og store kunder,\u00a0 i det meste af Danmark. Vi s\u00f8rger for flinke og kompetente medarbejder der matcher dit behov.<\/p>\n<p>Stabilitet, grundighed og kommunikation kendetegner os. Vi l\u00e6gger derfor v\u00e6gt p\u00e5 gennemsigtigheden.<\/p>\n<p>Vi str\u00e6ber efter et nem og effektiv kommunikation og derfor vil der altid v\u00e6re et telefonnr, en kontaktperson og et ansvar.<\/p>\n","protected":false},"excerpt":{"rendered":"<p>Vi mener at god kommunikation er vigtigt mellem alle parter, men ogs\u00e5 at vi har afstemt vore forventninger til hinanden, n\u00e5r aftalen udarbejdes. For det kan nemlig betyde at vi kan f\u00e5 et langvarigt, godt og konstruktivt samarbejde. Vi har i mange \u00e5r udf\u00f8rt tilfredsstillende ejendomsservice arbejde hos mange af vores sm\u00e5 og store kunder,\u00a0 &hellip; <\/p>\n<p class=\"link-more\"><a href=\"https:\/\/cs-ejendomme.cph-eu.dk\/?page_id=20\" class=\"more-link\">L\u00e6s videre<span class=\"screen-reader-text\"> &#8220;Om Os&#8221;<\/span><\/a><\/p>\n","protected":false},"author":2,"featured_media":238,"parent":0,"menu_order":0,"comment_status":"closed","ping_status":"closed","template":"","meta":[],"_links":{"self":[{"href":"https:\/\/cs-ejendomme.cph-eu.dk\/index.php?rest_route=\/wp\/v2\/pages\/20"}],"collection":[{"href":"https:\/\/cs-ejendomme.cph-eu.dk\/index.php?rest_route=\/wp\/v2\/pages"}],"about":[{"href":"https:\/\/cs-ejendomme.cph-eu.dk\/index.php?rest_route=\/wp\/v2\/types\/page"}],"author":[{"embeddable":true,"href":"https:\/\/cs-ejendomme.cph-eu.dk\/index.php?rest_route=\/wp\/v2\/users\/2"}],"replies":[{"embeddable":true,"href":"https:\/\/cs-ejendomme.cph-eu.dk\/index.php?rest_route=%2Fwp%2Fv2%2Fcomments&post=20"}],"version-history":[{"count":8,"href":"https:\/\/cs-ejendomme.cph-eu.dk\/index.php?rest_route=\/wp\/v2\/pages\/20\/revisions"}],"predecessor-version":[{"id":242,"href":"https:\/\/cs-ejendomme.cph-eu.dk\/index.php?rest_route=\/wp\/v2\/pages\/20\/revisions\/242"}],"wp:featuredmedia":[{"embeddable":true,"href":"https:\/\/cs-ejendomme.cph-eu.dk\/index.php?rest_route=\/wp\/v2\/media\/238"}],"wp:attachment":[{"href":"https:\/\/cs-ejendomme.cph-eu.dk\/index.php?rest_route=%2Fwp%2Fv2%2Fmedia&parent=20"}],"curies":[{"name":"wp","href":"https:\/\/api.w.org\/{rel}","templated":true}]}}